. What is the units digit of j?
9
Let q = -1 + 12. Let r = 2 + q. What is the tens digit of r?
1
Let t(v) = -v**3 + 9*v**2 + 4*v + 4. What is the tens digit of t(6)?
3
Suppose -v = -5*v - 3*x + 117, 121 = 4*v - x. Let j = -44 - -48. Suppose -2*m + j*m - v = 0. What is the units digit of m?
5
Let p(i) = 2*i**2 + 3*i + 30. What is the tens digit of p(7)?
4
Let i be -3*8/(-12) + 88. Suppose 2*x - f - 57 = -0*x, 0 = 3*x - 3*f - i. What is the tens digit of x?
2
Let u = 23 + -15. Let b = -13 + u. What is the units digit of 2 + b/((-10)/6)?
5
Let c be 3*(-1 - -2)/(-1). Let f = -2 - c. Let p = f + 0. What is the units digit of p?
1
Let m = -605 + 849. What is the tens digit of m?
4
Suppose 6*q = 9*q - 150. What is the units digit of q?
0
Let k(d) = 2*d - 6. Let q be k(7). Let j = q + -2. Let r(w) = w + 8. What is the tens digit of r(j)?
1
Let v(r) = -r**2 + 11. Suppose -5*h = 5*s + 20, -2*s + 0 + 12 = -3*h. Let k be v(s). Suppose -5*i + k = -14. What is the units digit of i?
5
Suppose -4*q = -1 + 53. Let z = q + 65. Suppose -16 = -4*o + z. What is the tens digit of o?
1
Suppose -48 - 6 = 3*l + 3*k, -2*k - 8 = 0. Let o = 33 + l. What is the units digit of o?
9
Suppose 8 = 4*r - 12. Suppose 0 = 4*p - 2*n - 16, 2*p + r*n = 15 + 5. What is the units digit of p?
5
Suppose -4*p = -2*p. Suppose 0*w = 3*z - 3*w - 66, -3*w + 6 = p. What is the tens digit of z?
2
Suppose 4*b + 0*a - 21 = a, -4*b + 5*a + 41 = 0. Suppose -l = b, -5*r = 5*l - 142 - 53. What is the units digit of r?
3
Suppose 3 + 1 = j, 5*r - j + 384 = 0. What is the tens digit of 1/(((-10)/r)/5)?
3
Let s = -2 + 6. Suppose -r = w - 4*r - 22, -s*w + 8 = 4*r. What is the units digit of w?
7
Let a = -34 - -71. What is the tens digit of a?
3
Suppose 4*m - 9 = 7. Suppose 72 = m*h + 4*c, -c + 5*c - 42 = -2*h. What is the units digit of h?
5
Let w = -112 - -200. What is the tens digit of w?
8
Let q = -26 - -36. What is the tens digit of q?
1
What is the units digit of (-20)/(-6) - 3/9?
3
Let o(s) = 2*s**2 - 13*s + 3. What is the tens digit of o(9)?
4
Suppose 6*h = 8*h - 118. What is the units digit of h?
9
Let s = -2 - -3. What is the units digit of s?
1
Let w(m) = -m - 15. Let d be w(0). Let q = d + 19. What is the units digit of q?
4
Suppose -w + 3 = 5*d + 5, 7 = w - 4*d. Let x be 1 - (w - 2)*-1. Suppose -x*z + 4 = -12. What is the units digit of z?
8
Suppose -141 = -3*x - 3*k, 3*k + 0*k = -9. What is the units digit of x?
0
Suppose -5*f - 2*v - 2*v + 222 = 0, 4*v - 180 = -4*f. Suppose f = 2*c + c. What is the tens digit of c?
1
Suppose 0 = 3*d - 3*a - 66, -7*d + a + 110 = -2*d. Let u = 58 - d. What is the tens digit of u?
3
Let j = -3 + 5. Suppose 15 = 2*f + q - j*q, -q + 15 = 3*f. What is the units digit of f?
6
Suppose 335 = 5*t + 4*w, 5*t - 164 = 2*t + 5*w. What is the tens digit of t?
6
Let h = 69 - 47. What is the units digit of h?
2
Let m(w) = w**2 + w + 4. Let a be m(0). Suppose -3*t - 4*p = 0, a*t - 2*p - p - 25 = 0. What is the units digit of t?
4
Let j(d) = -d**3 + 2*d**2 + 2*d - 1. Let w be j(3). Let f = 21 + -23. Let s = f - w. What is the units digit of s?
2
Let a(d) = -6*d**2 - 4*d. Let t(z) = 11*z**2 + 9*z. Let w(b) = 7*a(b) + 3*t(b). Let i be w(1). What is the units digit of (-43)/(-5) + (-4)/i?
9
Let j be -1 + (-1)/(2/(-32)). Suppose -j = -3*q + 6. Suppose -4*k = -q*k + 33. What is the tens digit of k?
1
Suppose 0*r - 5*z = -4*r + 31, -2*r - 3*z + 21 = 0. Suppose 3*v + 0*v = r. Suppose -38 = -5*k - 4*o + 27, v*o - 42 = -3*k. What is the units digit of k?
9
Let j = 165 + -78. What is the units digit of j?
7
Suppose -a + 24 = 2*d, -2*a + 3*a - d = 15. What is the units digit of a?
8
Let i = 0 + 2. Suppose -3*r - i*y = -10 - 1, -5 = -r - 2*y. Suppose -2*m - 25 = -5*j, j + 2*j = r*m + 24. What is the units digit of j?
3
Let a be (-2)/6 + (-38)/(-6). Suppose a*v - 3*v - 2*d = 14, 0 = 3*v + 5*d - 7. Let i = 6 - v. What is the units digit of i?
2
Let o(c) = c**3 + 4*c**2 - c - 1. Let w be o(-4). Suppose 5*k + 10 = -r + 4*k, -3*k + 30 = -w*r. Let i = r + 15. What is the units digit of i?
5
Suppose -4*g = -39 - 21. Let v = g - 10. What is the units digit of v?
5
Let r = -12 + 19. Let g = r - 2. Suppose g*j - 35 = -0*j. What is the units digit of j?
7
Let y = 1 - 1. Suppose -16 = -y*k - 4*k. What is the units digit of 2 + 2/k*4?
4
Let r(n) = 8*n**2 - 3 - 7*n + 0*n**3 + 0*n**2 - n**3 + 12. What is the units digit of r(7)?
9
What is the units digit of -2*2/4*-1?
1
Let j(q) = -q**2 - 6*q + 7. Let r be j(-7). Suppose r = -2*h - 2*h + 16. Suppose -h*x = -26 - 2. What is the units digit of x?
7
What is the units digit of (157 - -18)*12/10?
0
Let o(s) = s**2 + 13*s + 39. What is the tens digit of o(-16)?
8
Suppose 2*q - 4*q - 66 = -p, 4*q + 20 = 0. What is the units digit of p?
6
What is the units digit of (88/6)/((-22)/(-33))?
2
Suppose 4*s - 14 = -5*r, 2*s + 3 = 3*r - s. What is the units digit of (-228)/(-8)*r/3?
9
Let x = -25 - -43. What is the units digit of x?
8
Let d(b) = -b + 6 - 15 - 2*b. What is the units digit of d(-6)?
9
Suppose 8*l + 2*l - 180 = 0. What is the tens digit of l?
1
Let l(w) = -w**3 + 6*w**2 + w - 3. Let v be l(6). Suppose d = -0*d + v. Suppose -3*j - 8 = -2*m, -d*m = -0*m - 3*j - 12. What is the units digit of m?
4
Let f be -2*(50/4)/(-5). Let j = f - -17. What is the units digit of j?
2
Suppose 0 = 27*t - 23*t - 20. Let q(p) = -p**2 + 8*p + 3 + 3*p - 2*p. What is the units digit of q(t)?
3
Let d(n) = -n**3 + n**2 + 10*n + 4. What is the tens digit of d(-4)?
4
What is the units digit of (4/(-12))/(2/(-366))?
1
Let l be (-3 - -2)*-1 - -3. Suppose -f = l*f - 65. What is the tens digit of f?
1
Let z(r) be the first derivative of -1 + 0*r**3 - 1/2*r**2 + 0*r + 2*r**4. What is the units digit of z(1)?
7
Let c = 1 + -6. Let w = c + 5. Suppose -2 = -b - w*b. What is the units digit of b?
2
Suppose -5*p = 5*i - 135, -p = -0*i - i + 37. What is the tens digit of i?
3
Let g = 17 - 42. Let s = -85 + 120. Let x = s + g. What is the tens digit of x?
1
Let l(g) = 9*g**2 + g. Let b be 20/8*8/10. What is the units digit of l(b)?
8
Let f(n) = 2*n**3 - 4*n**2 - n - 2. What is the units digit of f(4)?
8
Let r(q) = -q**3 + q**2 - q + 1. Let z(m) = -6*m**3 + 4*m**2 - 3*m + 3. Let w(l) = -4*r(l) + z(l). Suppose -2*s - 3*s - 10 = 0. What is the tens digit of w(s)?
1
Let s = -5 + 5. Suppose -5 = -5*i - 2*q - 0*q, s = -2*i + q + 2. What is the tens digit of 14 - i/(-3)*-3?
1
Let k = 3 + 2. Suppose 0 = -k*x + 3*x + 32. What is the tens digit of x?
1
Let s(f) = -2*f - 1 + 6*f + 0*f + 3. What is the tens digit of s(5)?
2
Suppose 5*a = 2*j - 10, j + j - 3*a - 6 = 0. Let g(b) = -b + 9. Let u be g(6). Suppose u*y = -l + 20, j*l + 2 = l. What is the units digit of y?
6
Suppose 0*y - 5*y - 95 = 0. Let r = 29 + y. What is the units digit of r?
0
Let a be ((-6)/(-18))/(3/162). Let p = a - 3. What is the units digit of p?
5
Suppose 3*f - 108 = -3*d, 2*f + 0*f - d - 63 = 0. Let k = -23 + f. What is the units digit of k?
0
Suppose -3*d + 0*d + 33 = 0. What is the tens digit of d?
1
Let b(i) = i**3 + 15*i**2 - 16*i + 16. What is the units digit of b(-16)?
6
Let f(v) be the second derivative of 1/12*v**4 + v - 5/6*v**3 + 0 + v**2. What is the units digit of f(5)?
2
Let x(n) = -n**2 - 8*n - 7. Suppose 0 = 5*g - 22 - 23. Let y = -15 + g. What is the units digit of x(y)?
5
Let o(c) = c**2 + 2*c - 1. Let z(b) = 3*b**3 - b**2 + 2*b - 1. Let x be z(1). What is the units digit of o(x)?
4
Suppose -74 - 68 = -2*d. What is the tens digit of d?
7
What is the tens digit of 2 + -4 + -1 + 41?
3
Let b(w) = 163*w**3 - 3*w**2 + w + 1. What is the tens digit of b(1)?
6
Let z = 579 - 329. What is the tens digit of z?
5
Let m(i) = -i**2 + 16*i - 3. What is the units digit of m(14)?
5
Let a(g) = 4*g. Let j be a(1). Suppose j*u - 6*u + 8 = 0. What is the units digit of u?
4
Suppose 3 = 4*i - i. Let v = 15 - i. What is the units digit of 4/v - 75/(-7)?
1
Suppose 2*x + 3*x + 5*j - 20 = 0, -8 = -4*x + 4*j. Suppose 0 = -x*a + 7 - 19. Let c(s) = -s - 2. What is the units digit of c(a)?
2
Suppose -56 = -2*b + 24. Suppose r + 9*l - 4*l = b, -r + 2*l = -5. What is the tens digit of r?
1
Let v(t) = -t - 5. Let j be v(-5). Suppose 0*s + s - 9 = j. What is the units digit of s?
9
Let v = 116 + -54. What is the tens digit of v?
6
Suppose -4*a